 a factor of 308066?
True
Does 6 divide 2826?
True
Does 22 divide 159874?
True
Is 60660 a multiple of 45?
True
Is 4300848 a multiple of 48?
True
Is 7 a factor of 2531678?
False
Is 312 a factor of 175751?
False
Does 7 divide 52255?
True
Does 52 divide 3157700?
True
Is 7402918 a multiple of 23?
True
Does 293 divide 548272?
False
Is 10 a factor of 24222?
False
Does 35 divide 12399?
False
Is 2123916 a multiple of 11?
False
Does 158 divide 2710717?
False
Does 90 divide 730708?
False
Is 224330 a multiple of 19?
False
Is 423120 a multiple of 16?
True
Is 13 a factor of 217229?
False
Does 335 divide 380734?
False
Does 272 divide 313072?
True
Is 14 a factor of 64386?
True
Is 1373472 a multiple of 38?
True
Does 309 divide 29270?
False
Does 3 divide 57950?
False
Is 3527511 a multiple of 254?
False
Is 23853 a multiple of 58?
False
Is 670 a factor of 113689?
False
Is 515 a factor of 17942085?
True
Is 1272126 a multiple of 57?
True
Does 55 divide 73784?
False
Is 6 a factor of 9549888?
True
Is 898722 a multiple of 54?
True
Is 61918 a multiple of 4?
False
Does 481 divide 172499?
False
Does 99 divide 381374?
False
Does 219 divide 115632?
True
Does 26 divide 749736?
True
Is 1415345 a multiple of 7?
False
Is 4 a factor of 57492?
True
Does 417 divide 9477993?
True
Does 25 divide 15399150?
True
Is 3523321 a multiple of 12?
False
Is 1473203 a multiple of 76?
False
Does 15 divide 175842?
False
Does 868 divide 6267828?
True
Is 312600 a multiple of 521?
True
Is 1282350 a multiple of 249?
True
Is 2662201 a multiple of 319?
False
Does 51 divide 6412434?
True
Is 53 a factor of 805026?
False
Does 19 divide 1772514?
False
Does 2 divide 55873?
False
Does 61 divide 6630822?
True
Is 2664705 a multiple of 15?
True
Is 900313 a multiple of 84?
False
Is 17136 a multiple of 78?
False
Is 6 a factor of 2518107?
False
Is 152320 a multiple of 40?
True
Is 218271 a multiple of 267?
False
Is 32 a factor of 422218?
False
Is 379 a factor of 4698842?
True
Is 1435 a factor of 2527375?
False
Is 45954 a multiple of 46?
True
Is 13 a factor of 1408754?
False
Is 48 a factor of 4946664?
False
Is 460 a factor of 2095687?
False
Is 20 a factor of 928940?
True
Is 684 a factor of 16441594?
False
Is 61927 a multiple of 64?
False
Is 13539140 a multiple of 10?
True
Does 107 divide 3691607?
True
Does 61 divide 3326?
False
Is 27 a factor of 98033?
False
Is 189 a factor of 88965?
False
Does 63 divide 6160?
False
Is 4 a factor of 11656?
True
Does 61 divide 5625?
False
Does 403 divide 1642086?
False
Is 553 a factor of 21509490?
False
Does 20 divide 24695?
False
Does 14 divide 15021034?
True
Is 12 a factor of 3191934?
False
Is 462 a factor of 330330?
True
Is 24 a factor of 1485456?
True
Does 20 divide 11213003?
False
Is 3472070 a multiple of 154?
False
Is 9 a factor of 2690568?
True
Does 286 divide 3366220?
True
Does 514 divide 803896?
True
Is 2 a factor of 33802?
True
Is 5457144 a multiple of 22?
True
Is 70403 a multiple of 18?
False
Does 97 divide 462787?
True
Does 41 divide 357643?
True
Is 115033 a multiple of 16?
False
Does 31 divide 40009437?
True
Is 410397 a multiple of 221?
True
Is 151438 a multiple of 24?
False
Is 22 a factor of 6320?
False
Does 46 divide 375176?
True
Is 6478806 a multiple of 16?
False
Is 45 a factor of 9911070?
True
Is 602571 a multiple of 141?
False
Is 1041 a factor of 1010881?
False
Does 61 divide 4213514?
True
Is 118167 a multiple of 126?
False
Does 50 divide 17919500?
True
Does 1653 divide 11481160?
False
Is 76 a factor of 7476?
False
Is 9040 a multiple of 8?
True
Is 3308947 a multiple of 17?
False
Does 1040 divide 14424800?
True
Is 450891 a multiple of 5?
False
Does 3 divide 46053?
True
Is 14 a factor of 323834?
True
Is 304 a factor of 102352?
False
Is 3112074 a multiple of 3?
True
Is 279 a factor of 99207?
False
Does 169 divide 2396203?
False
Is 2050565 a multiple of 123?
False
Is 15 a factor of 3263505?
True
Does 48 divide 393064?
False
Is 27 a factor of 6526116?
True
Is 15842 a multiple of 8?
False
Is 1201915 a multiple of 13?
True
Does 60 divide 1957042?
False
Is 114 a factor of 573008?
False
Is 21 a factor of 314323?
False
Is 611938 a multiple of 23?
True
Is 5539590 a multiple of 270?
True
Is 152 a factor of 15112604?
False
Does 8 divide 16310544?
True
Is 19172 a multiple of 87?
False
Is 35328 a multiple of 48?
True
Does 7 divide 13436?
False
Is 105759 a multiple of 5?
False
Is 135 a factor of 89640?
True
Is 20 a factor of 27178592?
False
Is 24 a factor of 190248?
True
Does 5 divide 596180?
True
Is 2990856 a multiple of 35?
False
Is 48048 a multiple of 88?
True
Is 3 a factor of 9098?
False
Does 37 divide 301143?
True
Is 14841 a multiple of 6?
False
Does 8 divide 362302?
False
Is 330240 a multiple of 57?
False
Does 113 divide 13116217?
False
Does 137 divide 62391?
False
Does 73 divide 347665?
False
Is 3658 a multiple of 118?
True
Does 19 divide 595061?
True
Is 91 a factor of 106106?
True
Is 7 a factor of 86723?
True
Is 4365858 a multiple of 19?
True
Does 258 divide 321121?
False
Does 164 divide 178661?
False
Does 37 divide 3134122?
True
Does 95 divide 3402045?
True
Is 9 a factor of 3655166?
False
Does 35 divide 3393747?
False
Is 32886 a multiple of 14?
True
Is 29 a factor of 259324?
False
Is 41 a factor of 217956?
True
Is 18 a factor of 16507397?
False
Is 73960 a multiple of 75?
False
Does 144 divide 175680?
True
Does 64 divide 2334732?
False
Is 1298475 a multiple of 15?
True
Is 963200 a multiple of 200?
True
Does 13 divide 7702?
False
Does 1177 divide 606155?
True
Does 39 divide 214305?
True
Is 263452 a multiple of 17?
False
Does 3 divide 19828?
False
Is 578475 a multiple of 212?
False
Is 9 a factor of 2611214?
False
Is 185262 a multiple of 13?
False
Is 337 a factor of 3597770?
False
Is 206109 a multiple of 45?
False
Is 42 a factor of 608790?
True
Does 40 divide 125000?
True
Does 59 divide 241310?
True
Is 31059 a multiple of 493?
True
Is 92830 a multiple of 5?
True
Does 5 divide 2116785?
True
Is 33 a factor of 1186549?
False
Does 26 divide 334031?
False
Is 756603 a multiple of 4?
False
Does 42 divide 1891834?
False
Is 154592 a multiple of 12?
False
Does 74 divide 4588?
True
Is 253 a factor of 4152180?
False
Is 26 a factor of 1327096?
False
Is 76 a factor of 1051232?
True
Is 3835827 a multiple of 12?
False
Is 6786 a multiple of 261?
True
Does 49 divide 322629?
False
Does 7 divide 157675?
True
Is 3897810 a multiple of 126?
True
Is 551650 a multiple of 34?
True
Is 1526144 a multiple of 32?
True
Is 65802 a multiple of 6?
True
Does 26 divide 282490?
True
Is 65303 a multiple of 3?
False
Is 1491 a factor of 6271828?
False
Is 603 a factor of 9492134?
False
Is 63 a factor of 157346?
False
Is 5983575 a multiple of 221?
True
Is 1254 a factor of 1914858?
True
Is 2 a factor of 26881?
False
Is 157 a factor of 163943?
False
Is 142 a factor of 1841688?
False
Is 4 a factor of 377144?
True
Is 8 a factor of 20440?
True
Is 28 a factor of 7148414?
False
Is 45 a factor of 219105?
True
Is 512470 a multiple of 7?
True
Does 89 divide 1765685?
False
Does 82 divide 3217352?
True
Does 4 divide 178064?
True
Does 610 divide 5594698?
False
Is 3169163 a multiple of 47?
True
Does 27 divide 12659409?
True
Does 32 divide 83355?
False
Does 20 divide 434415?
False
Is 31 a factor of 942245?
True
Is 29 a factor of 373085?
True
Does 292 divide 4549360?
True
Is 25 a factor of 1732650?
True
Does 16 divide 52096?
True
Is 975222 a multiple of 90?
False
Does 15 divide 13414816?
False
Is 285562 a multiple of 101?
False
Is 1945 a factor of 25349185?
True
Is 399204 a multiple of 23?
False
Is 7 a factor of 78897?
True
Is 33 a factor of 474591?
False
Does 53 divide 311495?
False
Is 37 a factor of 1623958?
False
Is 182 a factor of 1531661?
False
Is 316239 a multiple of 77?
True
Is 391 a factor of 1316211?
False
Does 6 divide 164794?
False
Does 122 divide 232898?
True
Does 445 divide 340425?
True
Is 12 a factor of 663264?
True
Does 10 divide 47400?
True
Is 3 a factor of 446535?
True
Is 8362 a multiple of 74?
True
Is 266608 a multiple of 711?
False
Is 78 a factor of 3435753?
False
Is 7 a factor of 535871?
True
Is 58 a factor of 37699?
False
Is 917420 a multiple of 10?
True
Is 142 a factor of 434691?
False
Is 3317141 a multiple of 24?
False
Is 1952972 a multiple of 20?
False
Is 76 a factor of 202568?
False
Is 110 a factor of